*m - 1, 5*m = 4*i + 3. Suppose -3 = -2*b - 1. What is the units digit of (b - i/4)*2?
3
Let m = -33 - -50. What is the units digit of m?
7
Let p(c) = 6*c**3 + 0 + 12*c**2 - 3*c**3 - 4*c**3 - 11*c + 11. Let k be 3/(-6)*-22*1. What is the tens digit of p(k)?
1
Let o(q) = q**2 + 3*q - 6. Suppose -2*n = 2*j + 2*n + 16, 2*n = -2. What is the units digit of o(j)?
2
Let i(z) = z + 1. Let f be i(1). Let y(h) = h**3 - h - 2. What is the units digit of y(f)?
4
Suppose -3*v - 6 = 0, -5*f + 10*v + 361 = 7*v. What is the tens digit of f?
7
Let c be -10 - 1/(-3)*-3. Let d = -7 - c. What is the units digit of d?
4
Suppose -y - 2*y + 72 = 0. What is the units digit of y?
4
Let f = 395 + -81. What is the tens digit of f?
1
Let v be -2*(-5)/((-5)/(-8)). Let j = 24 - v. What is the units digit of j?
8
Let q = 13 + -5. What is the tens digit of (-2)/(q/(-132)) + 0?
3
Let g = -3 - -11. What is the units digit of g?
8
Suppose -y = -29 + 5. What is the tens digit of y?
2
Suppose -3*h + 2*h = 3. Let t be 4/6 + (-10)/h. Let d(k) = 2*k + 1. What is the units digit of d(t)?
9
Let l(z) = -4*z - 6. Let u be l(-4). What is the units digit of 74/u + 6/(-15)?
7
Let l = 1 - -1. Suppose 2*i = 16 + l. What is the units digit of i?
9
Let n(w) = w**3 + 23*w**2 + 30*w + 42. What is the tens digit of n(-21)?
9
Suppose 3 - 9 = 3*o. What is the units digit of o - (-4 + (1 - 26))?
7
Suppose 6*f = -3 + 51. What is the units digit of f?
8
What is the tens digit of 248/6*(-6)/(-4)?
6
Suppose 0*f = -f + 383. What is the hundreds digit of f?
3
Let w(s) = -4*s**3 + 2*s**2 + 2*s + 1. Let d be w(-1). Suppose -d*o + 49 = 14. What is the units digit of o?
7
Let s be (5/(-2))/(4/(-8)). Suppose -s*x - 1 = -11. What is the units digit of (-3 + x)*(-12 + 1)?
1
Let d be ((-18)/(-3))/3*1. Suppose -d*a = 2*a + 264. What is the tens digit of 3/(2*(-9)/a)?
1
Suppose 0 = -6*m + m + 10. Let k(l) = 4 + 3 + 2*l + m*l - 5*l. What is the units digit of k(-5)?
2
Suppose -5*a + 4 - 9 = 0, 0 = -5*u - a + 29. Suppose 0*o - u = -5*o - 2*d, -3*d - 2 = 2*o. What is the units digit of o?
2
Suppose 2*p = m - 7, -2*m + 1 = m + 4*p. Suppose 5 = -m*n + 68. What is the units digit of n?
1
Let q = 7 - 5. Suppose 2*f - 60 = -q*f. What is the units digit of f?
5
Suppose 2*j + 4*n + 6 - 34 = 0, -2*j - 5*n + 29 = 0. What is the units digit of j?
2
Let n(w) be the first derivative of w**3/3 + 7*w**2/2 - 4*w + 1. Let i = -16 + 8. What is the units digit of n(i)?
4
Let w(y) = 6*y - 49. What is the units digit of w(21)?
7
Let z = -3 - -1. Let m = -2 - z. Suppose 4*y = 2*k + 2, -2*y = -m - 2. What is the units digit of k?
1
Suppose 3*d + 10 = 8*d. Suppose -g - 3 = -d*g. What is the units digit of (-5)/((-10)/4) + g?
5
Let k = -29 + 95. What is the units digit of k?
6
Let i(x) = x + 12. Let m be i(-8). Let b = m + 1. Let z = 2 + b. What is the units digit of z?
7
Suppose 5*m + 3*z = m + 415, 427 = 4*m - z. What is the tens digit of m?
0
Let q(j) = j**2 + 9*j + 11. What is the tens digit of q(-13)?
6
Let s(i) = 2*i**3 + 2*i + 4. What is the hundreds digit of s(4)?
1
Let j(u) = 3*u**2 + 2*u + 6. What is the hundreds digit of j(6)?
1
Let a(l) = -5*l**3 - 1 - 4 + l**2 - 8*l + 7*l + 4. What is the units digit of a(-2)?
5
What is the units digit of 1348/26 + 4/26?
2
Let l = -17 + 47. What is the units digit of l?
0
Suppose 0 = -3*t - 0*t - 2*m + 146, -2*m = -4*t + 176. What is the tens digit of t?
4
Let m(c) = -c**2 - 4*c + 1. Suppose -b + 3 = -1, 5*b = 5*u + 60. Let a = 5 + u. What is the units digit of m(a)?
4
Let u(f) = f**3 + 8*f**2 - 9*f + 7. Let g be u(-9). Suppose -2*t + g = -5*v + 20, -4*t - 3*v = -13. What is the units digit of -2 + t - -1*11?
0
Let i(p) = 6*p**2 + 1. What is the units digit of i(-1)?
7
Let v(c) = c**3 + 6*c**2 - c + 4. Let j be v(-6). Suppose j = 3*w + 1. What is the units digit of w?
3
Suppose 0 = 5*g + 32 - 152. What is the units digit of 30/g + (-3)/12?
1
What is the tens digit of 173*1 + -2 + 2?
7
Let o(j) = -j. What is the units digit of o(-5)?
5
Let l be -14*(-2 - -3 - -1). Let j = -16 - l. What is the tens digit of j?
1
Let r(z) = z**2 + z**3 + 0 + 0 + 2 + 1 + 3*z. Let a be r(-2). Let t = a + 8. What is the units digit of t?
1
Let b = 7 - 4. Let t = 3 - b. What is the tens digit of (-1 + t - -2)*22?
2
Suppose 5*y - 20 = -5*q, 2*y = 4*q - 2*q + 4. Suppose -m + y = -8. What is the tens digit of m?
1
Let d(x) = -x**3 + 9*x**2 + 4*x + 10. Let b be d(10). Let p = b + 73. What is the tens digit of p?
2
Suppose -3*d + d = 5*r + 74, -3*d = -5*r - 89. What is the tens digit of 0*(-4)/r + 25?
2
Let o(b) = 2*b + 8. Let d be o(-4). Suppose d = -3*c - 2*t - t + 156, -16 = -4*t. What is the units digit of c?
8
Let y(b) = b**3 + b**2 - b + 2. Suppose -z = 4*z - 2*o + 4, -5*o = -3*z + 9. Let d be y(z). Suppose d = l, -k + 2*k - 3*l = 4. What is the units digit of k?
4
What is the hundreds digit of (6 - -30)/((-3)/(-14))?
1
Suppose -4*x + x = 0. Suppose -r - 3*s + 18 = x, -3*r + 3*s = -3 - 3. What is the units digit of r?
6
Let l = 68 + -35. What is the tens digit of l?
3
Let i = 16 - 11. Suppose i*a - t + 0*t + 5 = 0, 0 = 3*a - 3*t - 9. What is the units digit of (-8)/(((-5)/a)/(-5))?
6
Let b = 27 + -11. What is the units digit of (b/6)/(6/18)?
8
What is the hundreds digit of 2/(-7) + 10608/84?
1
Let d be 0 - (16 - 1)/(-1). Let w = d - 11. Let y = w - 3. What is the units digit of y?
1
Let x(c) = 5*c - 6*c + 10 + 4*c - 2. What is the units digit of x(9)?
5
Let g = -8 + 10. What is the tens digit of ((-1)/g)/((-2)/44)?
1
Let r be 7/(14/4) + 21. Suppose 3*q = -4*i + r + 4, -4*i - 4*q = -28. What is the units digit of i?
6
What is the tens digit of (187 - 0)/(-1 - (5 - 7))?
8
Suppose 0 = -3*m + y, -m + 3*y = 3*m + 5. Let x be (12/5)/((-2)/10). What is the tens digit of (-56)/x*3/m?
1
Let n(f) = 23*f + 1. Let b(p) = -p - 13. Let z be b(-14). What is the units digit of n(z)?
4
Let o(a) = a**3 - a**2 + 2*a + 3. Suppose -2*v + 7 = -1, -3*v + 27 = 5*t. What is the units digit of o(t)?
7
Let v(u) = -u**3 + u**2 + u - 142. Let o be v(0). What is the tens digit of o/(-5) + (-20)/50?
2
Suppose 43*g - 49*g + 2250 = 0. What is the tens digit of g?
7
Let q(x) = 21*x - 107. What is the units digit of q(15)?
8
Let j = 45 + -8. What is the units digit of j?
7
Suppose 2*u + 1 = u + v, 0 = -2*u + 5*v - 11. What is the units digit of (-1 - -2)*(u + 3)?
5
Suppose -s + 198 = 5*s. What is the units digit of s?
3
Suppose 0 = -2*l + 3*l - 49. What is the tens digit of l?
4
Suppose 4*z - 4*r - 24 = 0, -5*r + 10 = -10*r. What is the units digit of (-2 + (5 - 2))*z?
4
Let h = -4 + 6. What is the units digit of (6 - -1*h) + -1?
7
Suppose 2*r - 168 = -2*r. What is the tens digit of r?
4
Let h be 7/(-2)*(-30)/35. Suppose -h*j = -103 - 20. What is the tens digit of j?
4
Suppose 109 = 3*r - 3*i + 4*i, 4*i = r - 45. What is the tens digit of r?
3
Suppose -2*j + 5*f = -187, 3*f = j - 23 - 73. What is the tens digit of j?
8
Suppose 3*h - 9 = -0*h. Let f(q) = q**2 - 3*q + 4. Let c be f(h). Suppose 9 + 11 = c*p. What is the units digit of p?
5
Let y = 119 - 30. What is the units digit of y?
9
Suppose 2*x + 1 = 11. Let z(l) = -l**3 + 22*l**2 + 2*l - 39. Let b be z(22). Suppose -4*u + n = -7, -x*u - b*n = -3*u - 9. What is the units digit of u?
2
Suppose 0*i - 81 = 2*i - 3*b, 3*b = 4*i + 177. Let f be 40/(-6)*i/(-20). Let d = f - -30. What is the units digit of d?
4
Let p(i) = -i**3 + 7. Suppose -q - u = 2 + 3, -4*u - 20 = 0. What is the units digit of p(q)?
7
What is the tens digit of 74 + ((-3 - -4)*-3 - -5)?
7
Let u(h) = -h**3 + 2. Let o be u(0). Let y be (-1)/(-2)*(o + -2). Suppose 4*t - 24 = -y*t. What is the units digit of t?
6
Suppose 2*h = -h + 216. Suppose -6*b = -8*b + h. What is the tens digit of b?
3
Suppose -2*p - 5*y = -13, 3*p - 4*p = 3*y - 7. Suppose -20 = p*k, 3*z - 2*k - 19 = -3*k. What is the units digit of z?
8
What is the tens digit of (-2124)/(-45) - (-2)/(-10)?
4
Let p(y) be the first derivative of -y**3/3 - 6*y**2 - 13*y + 1. Let a = -41 + 31. What is the units digit of p(a)?
7
Let i = 2 - -2. Suppose i*r - 65 = -l, -3*r + 0*r + 30 = -3*l. What is the tens digit of r?
1
What is the tens digit of -3*8*4/(-6)?
1
Let i(l) = -19*l - 1. Let d be i(-1). What is the units digit of 1/(1 + d/(-19))?
9
Let i = 0 - 1. What is the units digit o